 = -2*s + 3*y, -5*s - 4 = -2*y - 14. Suppose s = i - 13 - 9. Let k = -13 + i. List the prime factors of k.
3
Let j(q) = 148*q**2 - 24*q - 53. What are the prime factors of j(-3)?
7, 193
Suppose 4 + 0 = 2*z. Suppose -5*j + 227 = 2*i, -z*i - i + 345 = 3*j. List the prime factors of i.
2, 29
Suppose 2 = 3*x + 134. Let t = 5 - x. Suppose -1 + t = 4*r. List the prime factors of r.
2, 3
Let o = -225 + 1074. What are the prime factors of o?
3, 283
Let n(v) = v**3 + 9*v**2 - 11*v - 1. Let y be n(-10). Let p = 41 + y. What are the prime factors of p?
2, 5
Let o(v) = -15*v**3 + 3*v**3 + 8*v**3 + v**3. Let x be o(-1). Suppose d = -5*a - 3*d + 49, 4*a = x*d + 33. List the prime factors of a.
3
Suppose -1152 = -99*a + 97*a. List the prime factors of a.
2, 3
Suppose -14*t + 7722 = -5*t. List the prime factors of t.
2, 3, 11, 13
Let z = 1 + 1. Let r be z/4 + 30/4. Suppose o + r = 5*o. What are the prime factors of o?
2
Let h = -22 - -20. Let w be (-9)/(-15)*(h - 3). What are the prime factors of ((-6)/w - 0) + 58?
2, 3, 5
Let u = -30 - -48. Let a = -18 + u. Suppose -2*t - 4 + 64 = a. What are the prime factors of t?
2, 3, 5
Let v = 33 - 65. Let y = -27 - v. What are the prime factors of y?
5
Let b = -476 - -973. What are the prime factors of b?
7, 71
Let h(k) = -142*k - 254. What are the prime factors of h(-6)?
2, 13, 23
Suppose 0 = -3*o - 9, 3*d + 75 = 2*o - 87. Let k = 7 - d. What are the prime factors of k?
3, 7
Let n(u) = -u**3 - u**2 - u + 30. Let h be n(0). Suppose 2*x + h = x. Let j = x + 47. List the prime factors of j.
17
Let t be (787*-1)/((-7)/(-119)). List the prime factors of t/(-119) - 6/14.
2, 7
List the prime factors of 10/(-25) - (-186993)/45.
3, 5, 277
List the prime factors of 931 - (-12)/3 - 3.
2, 233
Let r = -29 + 16. Suppose -24*y - 202 - 14 = 0. List the prime factors of (r - y)*15/(-2).
2, 3, 5
List the prime factors of 24/(-32)*-1 + (-12562)/(-8).
1571
Let m(x) be the first derivative of x**4/4 - 5*x**3/3 + 7*x**2/2 - 4*x - 11. What are the prime factors of m(5)?
31
List the prime factors of (52/16)/((-20)/(-9040)).
13, 113
Let q = 126 + -28. Suppose n - 4*r - q = -3*r, 2*n + r - 196 = 0. Let t = -42 + n. What are the prime factors of t?
2, 7
Suppose 3*y - 2*y - 72 = 0. Let v = -31 + y. Suppose -x = 5*s + 2*x - 71, 2*s - 3*x - v = 0. What are the prime factors of s?
2
Let w(m) = -m**2 - 13*m - 11. Let z be ((-24)/(-15))/((-6)/(-15)). Suppose -z*t = -8*t - 44. List the prime factors of w(t).
11
Let b(m) = -m**3 + 4*m**2 + 3*m - 3. Suppose 4*a + 2*j - 32 = -0*j, 3*a - 10 = 2*j. Let g be (0 - a)/((-6)/4). List the prime factors of b(g).
3
Let z = 18 - 14. Suppose 19 = -3*s - 5*k, -5*s + 9 = z*k + 32. Let m(y) = -13*y + 1. List the prime factors of m(s).
2, 5
Suppose 2*l - l + 6 = 0. Let q = l + 5. Let j = 3 - q. List the prime factors of j.
2
What are the prime factors of 6446/(5 - 3) - (-9 + 13)?
3, 29, 37
Let o = -8 + 8. Let q = 3 + o. Suppose 5*p = q*j + 74, j = 3*j + 6. List the prime factors of p.
13
Suppose 13496 = 40*r - 12*r. What are the prime factors of r?
2, 241
Suppose r - 4*r + 5*z = 16, 0 = 2*r + 2*z - 16. Suppose -l = -5*m - 3*l + 351, 4*m - 285 = -r*l. List the prime factors of m.
3, 23
Let g(y) = -2*y**2 + 57. Let o be g(0). Suppose 10*c = 7*c - o. Let t = c + 28. What are the prime factors of t?
3
Let r(a) = a**3 - 39*a**2 + 35*a + 96. Let z be r(38). Let o be (2/4)/((-2)/88). Let h = z - o. List the prime factors of h.
2
Suppose -4*k + 7800 = 2*c, -17*k = -13*k + 3*c - 7802. What are the prime factors of k?
1949
Let r be ((-14)/(-4) - 3)*-10. Let g be -8 + r + 9/3. Let a(v) = -v + 11. List the prime factors of a(g).
3, 7
Let l(a) = a**3 + 1 + 8*a + 0 - 2*a - 2 - 6*a**2. Let d be l(5). Suppose 0 = -c + 5*n + 13, 4*c + 0*n - 76 = -d*n. List the prime factors of c.
2, 3
Suppose 13*x + 32 + 46 = 0. What are the prime factors of 114/9*(-1 - x - 2)?
2, 19
Let u be (-106)/(((-2)/(-2))/(5/(-10))). Let z = u + -24. List the prime factors of z.
29
Let c(z) = -5*z - 3. Let n(l) = 6*l + 4. Let m(r) = r + 8. Let k be m(-5). Let d(h) = k*n(h) + 4*c(h). What are the prime factors of d(-5)?
2, 5
Let i(y) = 33*y**2 + 2*y + 1. Let d be -2*((-4)/8 + 1). What are the prime factors of i(d)?
2
Let h(c) = -775*c**3 + c**2 + 3*c + 3. What are the prime factors of h(-1)?
2, 97
Suppose -4*t + 4 = 2*a - 6, 0 = 2*t + 10. What are the prime factors of a/10*354/9?
59
List the prime factors of ((-24)/(-14))/(274/135219).
2, 3, 47
Let n(q) = 526*q**3 + q**2 + 19*q - 40. List the prime factors of n(2).
2, 5, 421
List the prime factors of (-7650)/(-4)*92/69.
2, 3, 5, 17
Suppose -392 = -2*g - 6*g. Let j = g + 9. What are the prime factors of j?
2, 29
Let q(v) = -192*v**3 + 5*v**2 + v - 3. List the prime factors of q(-1).
193
List the prime factors of (-2 + 6)*-5757*(-9)/108.
19, 101
Let m(o) = 3*o**2 - 2*o + 14. Let k be m(10). Suppose k - 29 = 5*x. What are the prime factors of x?
53
Let y be 0 + -2 - 1*-5. Let k(g) = -y*g + 0 - 3*g + g - 2 + 2*g**2. List the prime factors of k(5).
23
Let l be 30/135 + 1264/(-18). Let a = l - -128. Suppose 5*b + 126 = 4*m, m - 5*b = -m + a. List the prime factors of m.
2, 17
Let h(o) = 0 - 2*o + 0 + 11. Let j be h(-8). Suppose -n + 12 = -0*n + 2*u, -3*u = -n + j. What are the prime factors of n?
2, 3
Let r(n) = 195*n + 3. Let t be r(1). Let w = -131 + t. What are the prime factors of w?
67
What are the prime factors of 4/(-7) - (-612762)/1022?
599
Suppose 3*d - 8*d + 5 = 0, -2*n = -5*d + 45. Let z = n + 21. Let a = 35 + z. List the prime factors of a.
2, 3
Let w(k) = 4*k**2 - 7*k + 3 - 4 + 0 + 0. Suppose -4*r - 15 = -7*r. List the prime factors of w(r).
2
Let q(o) be the third derivative of -o**5/60 - 11*o**4/24 + 11*o**3/6 - 5*o**2. Let g be q(-13). Let d = g + 24. List the prime factors of d.
3
Suppose 0 = -p - x - 201, p - 5*x + 0*x + 171 = 0. Let v = -125 - p. What are the prime factors of v?
71
Suppose -6 = 2*t, 0*p = 2*p + 4*t - 122. What are the prime factors of p?
67
Suppose 0 = -p - 5*i - 28 - 84, -p - 112 = -5*i. Let j = p - -262. List the prime factors of j.
2, 3, 5
Let f be (-3 - -2) + -5 + 6. Suppose 2*y + 0*y = f, -2*v + 84 = y. List the prime factors of v.
2, 3, 7
Let p(y) = y**2 + 7*y + 2. Let b be p(-7). Let d be 3 + b + 0 + -3. Suppose -3*s = d*u - 81, -s = -5*s + 4*u + 108. What are the prime factors of s?
3
Suppose -18*m - 7*m + 86200 = 0. What are the prime factors of m?
2, 431
Suppose 32*v = 19*v + 60203. List the prime factors of v.
11, 421
Let t = 8 - 11. List the prime factors of 76/t*(1 - 4).
2, 19
Let a(l) = -l**3 + l**2 - l + 2. Let y be a(2). What are the prime factors of (-187)/(-2) + -5 - (-2)/y?
2, 11
Suppose 0 = -6*w + 3*w - 171. Let l = w + 34. Let z = l + 36. List the prime factors of z.
13
Let x be (-6)/(-8) + 102/24. Suppose 11 = 3*y + l, -y - x*l = -3 + 4. What are the prime factors of (-134)/(-4) - (-2)/y?
2, 17
Suppose 3*p + 3*w = 12, 3*p - 5 - 7 = -5*w. Suppose -p*h = -0*h - 5*r - 58, 3*h - 5*r = 41. Let i = h + 3. What are the prime factors of i?
2, 5
Let w be (-4 - -10)/(-1 + 3). What are the prime factors of -3 - ((3 - w) + -154)?
151
Suppose 8275 = 17*g + 166. List the prime factors of g.
3, 53
Let c = 84 + 975. List the prime factors of c.
3, 353
Suppose 11*l = 15*l - 8. Suppose -5*w - 5 = 0, -4*i - 3*w + 507 = l*w. Suppose -50 = 4*n + 4*z - 162, -5*n = z - i. List the prime factors of n.
5
Let z(n) = n**3 - 4*n**2 - n - 4. Let d be z(5). List the prime factors of ((-1443)/(-12) - (-4)/d)*2.
241
Suppose -46 = -18*g + 17*g. Let m = 131 - g. List the prime factors of m.
5, 17
Suppose -4 = 2*d, 4*d + 524 = 3*f - 0*d. Suppose -f = -k - 0*k + 3*h, 0 = -3*k - 3*h + 492. List the prime factors of k.
2, 83
Suppose -2*a + 47 = -2*j - 5, 3*j = 5*a - 84. Let s be (-1)/4 + 174/(-8) + 2. Let x = s - j. List the prime factors of x.
3
Let x be (-11 + 10)/(2/(-20)). Let v(q) = -q**3 + 14*q**2 - 24*q - 9. List the prime factors of v(x).
151
Let h(i) = 4*i**2 - 4. Let k be h(-3). Let n = k - -10. Let m = 63 - n. What are the prime factors of m?
3, 7
Let j(i) be the first derivative of -i**4/12 + 17*i**3/6 + 11*i**2/2 + 2*i + 3. Let f(q) be the first derivative of j(q). List the prime factors of f(17).
11
Suppose -4*b - 3*l = -6, -4*b + 22 = l - 6*l. Suppose -245 = -5*k - 5*s + 20, b*k 